0/55 - 7)?
0
Let p(o) = 6*o**3 + 4*o**2 - 5*o + 4929. What is the tens digit of p(0)?
2
Let a(d) = 3*d**2 - 41*d - 144. What is the units digit of a(65)?
6
Suppose 5*g - 175 = 2*d, -3*g - 2*g - 4*d + 175 = 0. Let v be 80/g - (-2)/(-7). Suppose 0 = -v*n + 203 + 17. What is the hundreds digit of n?
1
Suppose 0 = -9*v + 85116 + 21885. What is the units digit of v?
9
Let y = -126 + 218. Suppose -5*x = -382 + y. What is the units digit of x?
8
Let u(d) = 3*d - 3 - 9*d**2 + 14*d**2 - 2*d**3 + d**3. Let x be u(5). Let h = 211 - x. What is the hundreds digit of h?
1
Suppose 30*u - 29082 = 6678. What is the units digit of u?
2
Let s = 220 + -108. Let a = s - 97. What is the units digit of (((-25)/(-5))/a)/(1/39)?
3
Suppose 9*w = 7*w - 4*k + 7914, -3*k - 21 = 0. What is the units digit of w?
1
Let y = -13007 - -23787. What is the ten thousands digit of y?
1
Let o be 16 + (3 - 16/4). Let n be (3 - (21/o - -2))*-5. Suppose 167 = n*h + 3*k, 5*k = 4*h - 0*k - 367. What is the tens digit of h?
8
Let a be 100/(-36) - (-12)/(-54). Let u(i) = -262*i + 2. What is the tens digit of u(a)?
8
What is the ten thousands digit of (-1438 - 0)*-39 - -4*1/1?
5
Let p(t) = t**2 + 11*t - 81. Suppose 4*c + 5*l + 76 = c, 112 = -4*c + 4*l. What is the tens digit of p(c)?
5
What is the tens digit of ((-1986)/9 - (4 - (-10)/5))*-60?
0
Suppose 23100 = 13*l + 53*l. What is the hundreds digit of l?
3
Suppose -5 = 5*s, 3*b + 2*s - 268 = 537. Suppose g + 4*g + 2*i - b = 0, -59 = -g - 3*i. Let x = 150 - g. What is the units digit of x?
7
Let s(b) = 14*b**3 + 47*b**2 - 7*b + 106. What is the units digit of s(12)?
2
Let y(t) = -4*t**3 - 8*t**2 - 2*t - 24. Let s(z) = 3*z**3 + 6*z**2 + z + 16. Let i(a) = 7*s(a) + 5*y(a). What is the tens digit of i(4)?
7
Suppose -12 = 2*s, 2*s - 59017 = -2*w - 14465. What is the units digit of w?
2
Suppose -14*r = 6*r - 39620. Suppose -8*m = -m - r. What is the units digit of m?
3
Suppose 36657 = 8*y - 37391. Suppose -y = -47*j + 39*j. What is the tens digit of j?
5
Suppose -19*y = -7*y + 3*g - 329049, -4*y + 2*g + 109674 = 0. What is the ten thousands digit of y?
2
Let o(c) = 2*c - 10. Let h be o(6). Suppose -3*i = h*s - 1803, -601 = -i - s + 5*s. Suppose 5*x + 3*g = i, -4*x - 2*g + 468 = -6*g. What is the tens digit of x?
1
Suppose 2*a + 2*i = -24, -5*a + 5*i - i = 60. Let l(g) = g**3 + 13*g**2 + 5*g - 15. Let n be l(a). What is the hundreds digit of 138/9*(2 + n/6)?
2
Let z(m) = -17*m**2 - 2*m + 11182. What is the thousands digit of z(0)?
1
What is the units digit of (-1 + 2 - 11)/(42/(-45045)*3)?
5
Let s(v) be the second derivative of -45*v + 0 - v**3 + 1/6*v**4 - 5/2*v**2 - 7/20*v**5. What is the units digit of s(-3)?
0
Suppose 0 = -13*j + 107141 - 13086. What is the units digit of j?
5
Suppose 3*g - 9852 = -3*r, -r + 19694 = -232*g + 238*g. What is the hundreds digit of g?
2
Let y(j) = -3*j**3 - 37*j**2 + 2*j - 38. Let p(h) = -2*h**3 - 25*h**2 + h - 25. Let m(k) = 7*p(k) - 5*y(k). What is the tens digit of m(-6)?
7
Let w = 354 + -351. Suppose u + 2249 = 5*u + w*o, 3*o + 1111 = 2*u. What is the hundreds digit of u?
5
What is the hundreds digit of (1/((-2)/(-12674)))/(46/46)?
3
Suppose -r = -4*r + 21. Let o(h) = 52*h + 39. Let n(m) = -5*m - 3. Let w(y) = -13*n(y) - o(y). What is the units digit of w(r)?
1
Let v be 4/6 - 226/(-3). Let a = 3801 + -3809. Let q = v - a. What is the tens digit of q?
8
Suppose -212*b + 5*y - 199568 = -215*b, 0 = 4*b - 2*y - 266134. What is the units digit of b?
1
Let p(g) = -15*g + 13. Let a be p(1). What is the tens digit of a/(-9) - 5236/(-252)?
2
Let i(z) = 3*z**2 - z + 13. Suppose -7*l - 61 = -5. Let c be (l/12 + 1)/((-2)/(-42)). What is the tens digit of i(c)?
5
Let l be (-12)/(-8)*2 + -1. Suppose -l*t - 4*z + 296 = -0*z, -6 = -3*z. Suppose 0*h + o = -2*h + 243, -t = -h - 5*o. What is the tens digit of h?
1
Let a(h) = h**3 + 9*h**2 - 3*h - 25. Let b be a(-9). What is the hundreds digit of (-1)/(((-5)/(-10))/((-659)/b))?
6
Let o(z) = -2*z**2 - 3*z - 4. Let q be o(0). What is the hundreds digit of -3 + 1094/2*(-8)/q?
0
Let l = 58 + -50. Suppose -j = l - 6. What is the units digit of 4 + j + -4 + 76 + -2?
2
Let k(f) = -46*f + 102. Let r be k(24). Let z = r + 2132. What is the thousands digit of z?
1
Suppose 120*r - 855880 = -13*r + 67672. What is the units digit of r?
4
Let p be (-1 - -2) + 33464/4. Suppose -22*b = -p + 2361. What is the tens digit of b?
7
Suppose -3*i - 184 = 4*x, 2*i - 5*x = -3*i - 330. Let t = i - -66. Suppose -t*p + 399 = 3*y, y = 2*p - 6*p + 123. What is the units digit of y?
5
Let q(t) = t**3 + 6*t**2 - 4*t + 4. Let p be q(-6). Suppose 4*s = 3*u - s - p, 5*u - 57 = -2*s. Suppose 15*l - 352 = u*l. What is the units digit of l?
8
Let l(d) = 4*d**3 + 47*d**2 + 13*d + 23. What is the tens digit of l(-9)?
9
Let p = 38764 + -27648. What is the hundreds digit of p?
1
Suppose 24*x + 9469 = 877. Let t = x + 594. What is the units digit of t?
6
Suppose 0 = 40*i - 6*i - 374. Suppose i*n - 4249 = 657. What is the tens digit of n?
4
Let u = 7349 + -3955. What is the units digit of u?
4
Let z be 2/5 + (-2)/30*-5679. Let w = 769 - z. Suppose 8*v - w = 5*v. What is the hundreds digit of v?
1
Let n(f) = f**3 + 9*f**2 - f - 6. Let j be n(-9). Suppose -4*a = z - 7, j*z = -a - 0*a - 12. What is the units digit of a?
3
Let s(l) = -45*l - 393. Let c = -525 - -484. What is the hundreds digit of s(c)?
4
Let i = -12275 + 25890. What is the units digit of i?
5
Let a(w) be the first derivative of w**3/3 + 2*w**2 + 5*w + 4. Let y(m) = -4*m - 7. Let r be y(-3). What is the tens digit of a(r)?
5
Let n = 46180 - 181. What is the thousands digit of n?
5
Let a(c) = c**3 + 7*c**2 + 11*c + 22. Let o(v) = v**3 - 1. Let r(b) = -a(b) + 2*o(b). What is the units digit of r(10)?
6
Suppose 3*y - 90 = -3*y. Let g(x) = x**3 - 15*x**2 - 2*x + 36. Let c be g(y). Let m = 11 + c. What is the units digit of m?
7
Let y = 159 + -369. What is the tens digit of (y + -2)/(1*-2)?
0
Let n(f) be the first derivative of 1/4*f**4 - 4*f + 0*f**2 + 12 - 7/3*f**3. What is the units digit of n(8)?
0
Suppose 122818 = 45*c - 31686 + 20404. What is the thousands digit of c?
2
Let y = 22 + -31. Let v = y - -5. What is the units digit of (-23)/(68/(-16) - v)?
2
Let z(o) = 437*o**2 - 45*o + 151. What is the hundreds digit of z(6)?
6
Suppose -2*q - 2*q - 2*h + 5378 = 0, -2*h = -q + 1357. Let t = q - 643. What is the units digit of t?
4
Suppose t + 4 = 0, v + 2*t + 1 = -4. Suppose -4*m + 2035 = m - v*u, -3*u = -2*m + 823. What is the tens digit of m?
0
Suppose -4*c + 651 = -381. Suppose 0 = f - 278 - c. What is the tens digit of f?
3
Suppose -2*k + 4*m + 3800 + 51816 = 0, -3*m + 27833 = k. What is the tens digit of k?
1
What is the tens digit of (486/108)/((-3)/(-3226))?
3
Suppose 1 - 8 = -q - 5*d, -2*d - 26 = 4*q. What is the tens digit of ((-6129)/54)/(1/q)?
0
Suppose -63*d + 722602 = -244763. What is the thousands digit of d?
5
Suppose 0 = 15*k - 19*k + 1904. Suppose 6*c - k = 2686. What is the hundreds digit of c?
5
Suppose -3*r = 2*k - 513, -4*k - 207 = -2*r + 119. Suppose 5*i = 6*i - r. What is the hundreds digit of i?
1
Let n(o) = -5*o - 18. Let w be n(-4). Suppose -3*z + w*t = -42, -5 = z + t - 14. What is the units digit of z?
2
Let s = 80 + -80. Suppose s = -2*g - 3 + 139. Suppose -k - g + 296 = 0. What is the hundreds digit of k?
2
Let c(l) = -l**3 + 5*l**2 - l - 6. Let k be c(4). What is the tens digit of 21/k*188 + 7?
6
Let b(u) = -u**2 - 48*u + 3. Let f be b(-17). Let l be ((-1)/(-3) - f/(-30))/2. Suppose -l*r - 216 = -18*r. What is the tens digit of r?
2
Suppose -3*o = -14*o + 748. Suppose 5*y - 25 = 0, o*f - y = 64*f + 75. What is the tens digit of f?
2
Suppose -1125 = s - 1128. Suppose s*d = -2*j + 1795, 5*j = -0*d - d + 4468. What is the hundreds digit of j?
8
Suppose 0 = -5*o - 131 + 126. Let u(r) = r**2 + r + 1. Let c(v) = 3*v**3 + 10*v**2 + 4*v. Let p(w) = o*c(w) + 4*u(w). What is the units digit of p(-5)?
9
Let f = -25 - -52. Suppose f*b - 26*b - 39 = 0. What is the units digit of b?
9
Suppose 0 = -5*h - 3*k + 15, 3*h - 10 + 1 = k. Suppose -y = -h*x + 55, 0*x + 2*y + 92 = 5*x. Suppose d - 4*d = -x. What is the units digit of d?
6
Let o be 7/(21/2682) - (-19 - -19). Suppose 0 = 2*f - 5*n - 244 - 690, o = 2*f + 5*n. What is the hundreds digit o